-7 - (-47 + -5)?
51
Calculate -88 + 31 + (-2 - (-3 - -4) - (-20 + 12)).
-52
What is -22 - (3 + -3 - (-66 + 56 + 5 + 2))?
-25
94 - (-2 - (-68 + 17))
45
What is the value of 62 - (10 - (-23 - 104))?
-75
-64 + (-8 - (2 - (11 + -2) - -1 - -4))
-70
-68 - (-83 - -36) - (-17 + -36)
32
Calculate (63 - (87 + -53)) + 26 + 2.
57
(-153 - -189 - (12 - 91)) + 22
137
Evaluate (-3 + -20 - (524 + -541)) + (1 - (74 - 3)).
-76
What is the value of (-35 - (-17 + 8) - 18) + 35?
-9
Calculate (49 - (36 - 25)) + -55.
-17
What is 12 + (-12 + (6 - 14) - 2) - 45?
-55
Calculate -21 - (-88 + (-5 - -31)).
41
Calculate (-2 - 1 - (191 - 170) - -16) + -73.
-81
-5 + 3 + (9 - 22 - 1) + -70
-86
What is -36 + 17 + -12 - -11 - (99 - -1)?
-120
What is -1 + (-6 - -3 - (3 + (13 - 7)))?
-13
Evaluate 15 + -3 + -72 + 45 + 33.
18
Evaluate (-32 - -153) + -74 + -36.
11
What is (23 - (61 - 28)) + 106?
96
Calculate (-3 - (-26 - -76)) + 13 + 0 + 2.
-38
What is (20 + -2 - (-17 - (-3 - 2))) + -3?
27
What is -53 + (-2 - -64 - 69)?
-60
Evaluate 6 - (-68 + 5 + 41).
28
Evaluate -5535 + 5490 - (1 + 1 + -3 + 13).
-57
-39 - 27 - (-58 + 67)
-75
What is the value of 1 + 17 + (2486 - 2505)?
-1
What is 59 - (1 + -11 + 3 - -3 - -18)?
45
Evaluate -11 + 13 + 27 + -33 + -1.
-5
Calculate -33 + (-65 - -23 - -53).
-22
(-2 - (13 + -5 + -15 + 145) - -1) + 13
-126
Evaluate -7 + (1 - -7) + 11 + -38.
-26
3 + 20 + -18 + 52 + 33 + -21
69
What is (-12 - -5 - ((-6 - -2) + (3 - 1))) + 41?
36
What is the value of (-200 - -134 - (-78 - 1)) + (84 - (1 - 0))?
96
Evaluate 38 + -145 - (57 + -188).
24
What is -13 - (-3 + (-41 - 13))?
44
Calculate -79 + 38 + 195 - (50 - 14).
118
What is the value of 13 - (-1 + (-1 - -8) - (77 + 1 + -77))?
8
What is the value of 2 + 4 - (16 + 2 - (58 + 21))?
67
What is the value of 98 - 0 - (-3724 - -3897)?
-75
What is the value of 58 - (10 + (-9 - 3))?
60
What is 23 + (-32 + 26 - (0 - (3 + -9)))?
11
Evaluate (5 - -56 - 209 - -61) + -1 + 0 + 2.
-86
Calculate -54 - 1 - (-1922 + 1880).
-13
Evaluate -48 - (26 - (87 + -61)).
-48
Evaluate -10786 - -10781 - (64 - 0).
-69
What is the value of (-3 - -1) + (112 - 161)?
-51
What is the value of -15 + 6 - -9 - (32 - 24)?
-8
What is the value of -33 - (-22 + -111 - -48)?
52
Calculate -4 + 37 - 27 - 16.
-10
Evaluate (50 + -46 - -8) + (-2 - -54).
64
What is (-2 - 107) + (-4232 - -4287)?
-54
-8 - (3 - ((-3 - 0) + 9)) - 8
-13
-3 + 63 - (21 - (31 + -38 + 19))
51
Evaluate (-34 + 31 - 64) + (-5 - -3 - -2 - -11).
-56
What is the value of (4 - 1) + 0 + -9 + (-17 - 28) + 0?
-51
(-23 - -8) + -25 - 11 - (-9 + 17)
-59
Calculate -156 + 17 + 167 - -32.
60
Evaluate -2 + 15 - 14 - (-5 + (-1 - -2) + -77).
80
Calculate 29 + -8 + 9 - (31 + 6 + -42).
35
7 + -2 - (2 - (15 + 3) - 6)
27
-59 + (109 - 45 - 35)
-30
Evaluate 68 - -9 - (16 + 18).
43
Evaluate 2 - (4 - (-1 - (-15 - -26))) - 4.
-18
Calculate -9 + -6 + 21 - (-6 - 3) - 7.
8
What is 3 - (0 + (-5 + 7 + -3 - -8) + -1)?
-3
What is the value of (-15 + -1 - (-3 - -1)) + 3754 + -3750 + 0?
-10
4 + -16 - (-51 + 31 - (-8 - -1))
1
What is the value of -2 + 1 + 17 + (177 - 307)?
-114
What is 86 + (-159 - -89) - -78?
94
What is (-101 - -155) + -6 + (-6 - -5)?
47
What is -13876 + 13768 + -2 + -10?
-120
Evaluate (23 - (107 - 89)) + (0 + (3 - 6) - 36).
-34
Evaluate 1 - (-169 - -168 - (-1 + 12)).
13
What is (32 + -42 + 25 - 17) + 15 + -2?
11
What is the value of 74 - (-2 + 10 - (55 - (17 - -25)))?
79
Calculate 29 - -21 - (6 - -17).
27
Evaluate 1 + (27 - (4 + -15 + 49 + -21)).
11
Calculate (182 - 273) + (126 - -16).
51
What is (183 - 179) + (5 - (-3 - -21))?
-9
Calculate 1 + 1 - (20 - (62 - 32) - (-69 - 2)).
-59
Evaluate -9 + (-17 - -21) - (-12 + -45 + 11).
41
Calculate (21 - 2 - (-156 + 142)) + 4.
37
Calculate -14 + 40 + 3 + 4 + -8 + 18 + -7.
36
Calculate (1 - 14) + (-14 - ((-5 - 3) + 0 + 1)).
-20
Calculate 12 + -12 + (8 - -2) - -3 - -20.
33
What is the value of -10 + (-29 - ((-10 - (15 + -5 - 10)) + 10))?
-39
What is -79381 - -79364 - ((-1 - -1) + (1 - 0) - 0)?
-18
What is the value of -18 - (-157 + -25 + (5 - -7))?
152
Calculate 33 + -44 - ((111 - 114) + (-105 - 0)).
97
Calculate -601 - -466 - (7 + -91).
-51
What is 4770 + -4771 + (4 + 2 + -116 - (2 - -1))?
-114
-30 - (-2 + 14 + (-236 + 237 - (1 + -3)))
-45
(88 - 151 - -90) + -81
-54
What is the value of 50 - (-26 + 49 - 18)?
45
Evaluate ((23 - 4) + -12 - (-10 + 10)) + -30.
-23
Evaluate 59 - 65 - (13 - 65).
46
(-8 - -4) + -7 + -237 + 230
-18
What is the value of 23 + 3 + -86 + 98?
38
What is 39 + (6 - 16) - 13 - (6 - 1) - -5?
16
Evaluate 5 + (-4 - 47) + (0 - 6) + -44 + 56.
-40
What is 75 + 30 + -22 + -30?
53
What is (-9 - -1) + 21 + -84 - (-5 + (6 - -7))?
-79
Calculate 71 + -22 + -95 + 16.
-30
Evaluate 0 + (-8 - (-9 + 5 + -8 + 12)).
-8
Calculate -116 + 117 - -17 - (69 + -1).
-50
Evaluate 61 - (-4 - ((-14 - -1) + 9)).
61
What is -370 + 444 + (4 - -8)?
86
-107 + 91 + (-117 - -203)
70
What is (4 + -5 - (17 + 0)) + 4 + (11 - 16)?
-19
What is (-4 - -2) + -9 + 193 + -185?
-3
What is -153 + -80 + 128 - 10?
-115
Evaluate 136 + -105 + 164 + -91.
104
What is 2 + (2 - -4 - -8) - (-23 - (-82 - 33))?
-76
-32 - (-94 - -64) - -147
145
Evaluate -14 - (-13 + (-9 - ((-45 - -12) + 18))).
-7
What is (-31 + 14 - -23) + -7 + 11 - 15?
-5
What is 6 + 7 + -9 + 2 + -186 + 240?
60
Evaluate (12 - (6 - -4) - -68) + (11 - (-1 + 6)).
76
Calculate (2 - 19) + 41 + -54 + (1 - -9).
-20
Evaluate -71 + 116 + -86 - -99.
58
-30 + (-14 - (-30 - -47 - (12 + 3)))
-46
Evaluate -1 - 128 - (4649 - 4719).
-59
65 - 67 - (41 + (-4 - (4 + 0 + -2)))
-37
Evaluate (1 - -7) + 10 + (-28 - (1 - -40)) + 18.
-33
What is 2 - -4 - (1 - (-32 - 14 - -26))?
-15
Evaluate (40 - 101) + 58 - (29 + 1).
-33
29 + -10 + 18 + 13 - (0 + -2 - -8)
44
Calculate 15 - 4 - (-10 - (29 - 47)).
3
(-1 - -3) + 18 + -6 + -16
-2
-5 + 0 + 83 + (3 - 1) + -124 + 113
69
What is 1 + -2 + -48 - (-199 + 123 - -58)?
-31
-350 + 699 - 342 - ((1 - 26) + -1 + 3)
30
Evaluate 32 + 1 - (146 + -101 + -65).
53
What is 12 - (-180 + 21 - -31 - -37)?
103
What is the value of -17 - (8 + (12 - (18 + (-5 - -39))))?
15
Calculate -12 - 0 - (30 + 35 + 54 - 64).
-67
What is the value of (36 - (42 - (-7 - -26) - -2)) + -1 + 53?
63
Calculate 15 + 16 + (-10 - (16 - 18)).
23
What is 12 - (45 + -70 + 59)?
-22
(189 + -80 - 159) + 134
84
What is the value of -33 - (-29 + 9 - 106 - 25)?
118
What is the value of -14 - (-2 - 22 - (-379 + 277))?
-92
What is 17 + -25 + -31 + (-2 - 4 - 1)?
-46
What is -156 + -34 + 12 + -1 + 56?
-123
(1 - (-2 + 4)) + 24 - (-191 + 167 - -28)
19
Evaluate (-3 - (8 - 20)) + 15 + -14 + 42.
52
817 - 717 - (151 - 3)
-48
29 + -23 + 2 + -33 + -26
-51
What is 15 + (105 - 33 - 54)?
33
Evaluate 36 - (52 + -60 - (-71 - 0)).
-27
Evaluate -2 + -17 - (-86 - -74).
-7
-4 - (14 + 12 + -16 - (-4 - 0 - -155))
137
What is the value of -89 + 6 + (120 - 58)?
-21
(-14 - -16) + (-8 + (3 - -3) - (-18 - 15))
33
What is the value of (46 + -41 + 4 - (-2 - 30)) + 5?
46
Evaluate -69 + (-5 + 0 - (24 + -83 + 44)).
-59
Calculate 37 + -11 - 7 - ((-14 - -104) + 2).
-73
Calculate (-72 - 258) + 288 + -1 + -76.
-119
Evaluate (7 - -3) + -60 - -8 - (-15 - -8 - 1).
-34
What is the value of -18 + 41 + -19 + 2 + (3 - 3) + 6?
12
What is the value of (-1 - 2 - (-235 + 233)) + 6 + -30?
-25
Evaluate 51 - 62 - -108 - 123.
-26
Calculate 74 - (3 - ((8 - 3) + 6 - 3)) - 3.
76
Evaluate -25 - 16 - (82 - 114).
-9
Evaluate (1 - 12 - -12 - -5) + -17 + 77.
66
What is 47 + (72 - 83 - ((3 - 18) + -1))?
52
What is the value of -12 - -27 - (-8 - (5 + (11 - 51)))?
-12
What is 0 - -19 - (-28 - 42 - -138)?
-49
Calculate (33 - -4 - (199 - 173)) + 44.
55
Calculate -34 + (-17 - 26) + 63 - (0 + -55).
41
Evaluate 12 + (-22 - (-57 - -26)) + -1 + 20.
40
49 + -12 + -23 + -26
-12
What is (83 - 30) + 4 + -41?
16
What is -15 + -2 - 1 - (-55 + -98 + 112)?
23
Calculate -15 - ((7 - 1) + -27 + 7) - -17.
16
What is -40 + -32 + (-8 - -29) + -14?
-65
(-30 - -33 - (-4 - -14 - -5)) + -14
-26
Evaluate 20 + 96 + -64 + (2 - 77).
-23
Evaluate 7 + 2 - (20 + -10 + -17 - (6 + -5)).
17
What is the value of (-18 - 0) + (-36 - -65) + -43?
-32
What is the value of -29 - (2 + -1 + 21 - (-171 + 74 - -107))?
-41
Evaluate -48 + (-7 + -18 - -103).
30
What is 93 + -10 + ((4 - -1) + -20 - -23)?
91
96 - -14 - (-14 + -1 - (26 + -37))
114
Evaluate (-4 - -2) + -14 + 1 - -27.
12
Eval